
Let s(r) = 2*r + 6. Let c be s(-6). Let g(l) = -l - 4. Let w be g(c). Suppose 5*v - 37 + 16 = -2*i, i - w*v = 6. What is the remainder when i is divided by 5?
3
Let x(o) = -o**3 + 4*o**2 - o + 1. What is the remainder when 19 is divided by x(3)?
5
Suppose -2*r = -a - 47, 71 = 4*r - r - a. What is the remainder when 215 is divided by r?
23
Suppose -4*y + 25 = y. Suppose 3*i = i. Suppose z - 9 + 0 = i. What is the remainder when z is divided by y?
4
Suppose -3*m - 4 = 5*u, 4*u = 2*m - 31 - 3. Suppose -m*v + 6*v + 23 = 0. What is the remainder when v is divided by 8?
7
Let r(y) = -34*y - 1. What is the remainder when r(-1) is divided by (1 - -2) + 0 - -6?
6
Let k(a) = -7*a - 1. Suppose 0 = 2*g - 3*g - 3. Let r be k(g). Suppose 0*l + 4*l - r = 0. Calculate the remainder when 18 is divided by l.
3
Let u be 1454/18 + 4/18. Suppose 72 + u = 3*v. What is the remainder when v is divided by 13?
12
Suppose 2*c = -c + 12. Suppose t = s - c, s + 0*s - 3*t - 4 = 0. Let i(g) = g**2 - 4*g + 2. Calculate the remainder when i(5) is divided by s.
3
Let y = 13 + -14. What is the remainder when 19 is divided by 20/8*y*-2?
4
Let d(j) = 4*j**2 - 2. Let h be 40/18 + (-4)/18. Calculate the remainder when 25 + 3 + h/(-1) is divided by d(2).
12
Let r = 15 + 36. What is the remainder when r is divided by 9?
6
Let z(v) = 2*v**2 - 3. What is the remainder when ((-3)/(-5))/((-4)/(-380)) is divided by z(-3)?
12
Calculate the remainder when ((-4)/10)/((-22)/1595) is divided by 8.
5
Suppose 12*z = 16*z + 48. Let j = -1 + 24. Calculate the remainder when ((-32)/z)/(4/66) is divided by j.
21
Suppose 4*l + 3 = 5*s, -3*s - 3 = -0*s - 4*l. Suppose -k + h = 3 - 9, 2*h - 18 = -s*k. Let p(a) = a + 7. Calculate the remainder when 38 is divided by p(k).
12
Let o = -5 - -8. Let x(i) = -i**2 - 3*i + 4. Let y be x(-3). Suppose 3*r - 2*r - y = 0. Calculate the remainder when r is divided by o.
1
Suppose -2*b - 4 = -62. Calculate the remainder when b is divided by 6.
5
Let h = 1 + 4. Suppose -3*o + h*o = 18. Calculate the remainder when 16 is divided by o.
7
Suppose -26 = -2*l + 3*y, 4*y = 5*y. What is the remainder when 48 is divided by l?
9
Let m(x) = 2*x**2 + 15*x - 16. Let g(a) = a**2 + 8*a - 8. Let w(i) = 11*g(i) - 6*m(i). What is the remainder when 14 is divided by w(0)?
6
Suppose 54 = 4*r - 10. Calculate the remainder when ((-62)/(-4))/(4/8) is divided by r.
15
Suppose 2 = d - 16. Let w(u) = -u**2 - 7*u - 2. What is the remainder when d is divided by w(-4)?
8
Let t = 8 - 6. Let g(w) = w**2 + 5*w. What is the remainder when g(-6) is divided by t?
0
Let l(y) = y**3 + 4*y**2 - y + 1. Calculate the remainder when 36 is divided by l(-2).
3
Suppose 3*x = 24 + 3. Let j(o) = 8*o**2 - 3 - 4 - 7*o + 4*o - o**3 + 14*o. Calculate the remainder when 32 is divided by j(x).
10
What is the remainder when (-203)/(-5) - 50/(-125) is divided by (-388)/(-36) - (-4)/18?
8
Suppose -20 = -2*c - 3*o, 27 = 3*c - 0*o + 3*o. Calculate the remainder when 81 is divided by c.
4
Let w(d) = 11*d**2 + d + 1. Let t = 109 + -32. Let h = -45 + t. What is the remainder when h is divided by w(-1)?
10
What is the remainder when -4 - (-74 + (-6)/(-3)) is divided by 14?
12
Suppose 3*i - 60 = -2*i. Calculate the remainder when i is divided by 310/50 - 1/5.
0
Suppose 0 = -4*b + 3*b + 27. Suppose -u + 1 = -2*q + b, 27 = q + 3*u. Suppose -244 = -5*f + 46. What is the remainder when f is divided by q?
13
Let l = 27 - 24. Suppose -3*w + 4*x = -44, -13 = -l*w + 3*x + 32. What is the remainder when 28 is divided by w?
12
Let d(k) = 5*k + 4*k + 3*k - 3*k + 3. Let p be d(-2). What is the remainder when 21 is divided by -30*((-39)/p - 3)?
9
Let w(v) = -v**2 - 7*v + 8. What is the remainder when 22 is divided by w(-7)?
6
Let z = 15 + -3. Calculate the remainder when 2*-1*(188/(-8) - -1) is divided by z.
9
Let b = -38 - -71. What is the remainder when b is divided by 12 + (-1 - (-1)/1)?
9
Let a(t) = t**3 - 6*t**2 - 6*t + 7. Let k be a(7). Suppose y = k - 2. Calculate the remainder when 2/4 + 258/y is divided by 8.
6
Let c = -6 - -7. Calculate the remainder when (c - 0) + 1 - -56 is divided by 15.
13
Let b = -1 + 3. Suppose 4*r - 96 = 4*y, -b*r + 3*r = -5*y - 6. What is the remainder when 36 is divided by r?
17
Let h(f) = f + 6. Let d be h(-5). Let c = d - -8. What is the remainder when 35 is divided by c?
8
Suppose 5*j - 3*i = 24 + 22, 2*j = -3*i + 10. Calculate the remainder when 26 is divided by j.
2
Suppose 4*n = -0*n + 12. Let j = 12 - n. What is the remainder when j is divided by 5?
4
Let t(r) = -5*r**3 - 3*r**2 - 2*r + 2. Let h be 3/9 + 16/6. Suppose -y = -h*y + 24. Calculate the remainder when t(-2) is divided by y.
10
Suppose 0*n = -3*n + 159. Calculate the remainder when n is divided by 14.
11
Let l(k) = -k**2 + 2*k + 19. What is the remainder when l(0) is divided by 10?
9
Let s(a) = a**2 - a + 6. What is the remainder when s(5) is divided by 4?
2
Let p be ((-4)/3)/(4/(-18)). Suppose -5*j = m - 23 - p, 3*m - 2 = 2*j. Let w(q) = -2*q + 3. Calculate the remainder when w(-4) is divided by m.
3
Let y = 4 + -25. Let o(g) = -8*g + 5. Let f be o(-3). Let w = f + y. What is the remainder when 15 is divided by w?
7
Suppose -h = -5*h + 2*w + 112, 3*h = -4*w + 95. Suppose -a + 3 = 3*d, -2*d - 8 = a - 2*a. What is the remainder when h is divided by a?
5
Let i(z) be the second derivative of -z**5/20 - z**4/12 - z**3/6 + 2*z**2 + 3*z. What is the remainder when i(0) is divided by 2?
0
Let o = 18 + -6. Let f = 265 + -177. Suppose 0*z - f = -4*z. Calculate the remainder when z is divided by o.
10
Let o(b) = -3*b - 5. Calculate the remainder when 18 is divided by o(-4).
4
Let h = 49 - 69. Let o = h - -39. Calculate the remainder when o is divided by 10.
9
Let w = -53 - -74. Calculate the remainder when 293 is divided by w.
20
Let r = 21 + -8. Let x = -8 + r. Calculate the remainder when 12 is divided by x.
2
Suppose 4*d = 4*m + d - 25, 3*m = -5*d + 26. Suppose 3*t + 2*o - 4 = 10, 3*o + 1 = t. Calculate the remainder when m is divided by t.
3
Let k = -9 + 12. Suppose k*m + 43 = b, -b + 2*m + 45 = 7. Calculate the remainder when b is divided by 10.
8
Let y(u) = -u**3 - 3*u**2 + 7*u + 7. Let q be 2/(-4)*5*2. Calculate the remainder when 43 is divided by y(q).
21
Let w(v) = v**2 - 4*v. Let l be w(4). Suppose l = -3*u + 37 + 2. What is the remainder when 24 is divided by u?
11
Let r = 43 - 27. Let l = -36 + 45. What is the remainder when r is divided by l?
7
Let t(k) = 3*k**2 + 5*k - 3. What is the remainder when t(-5) is divided by (-95)/(-4) + (-1)/(-4)?
23
Let j be 8/(-6)*9/(-6). Suppose -j*p + 0*p = 0. Suppose p*v = -v + 26. Calculate the remainder when v is divided by 14.
12
Let o(c) = c + 2. Let s = -5 - -5. What is the remainder when 1*4 + -1 + -1 is divided by o(s)?
0
Suppose 100 = 4*n - 0*n. Suppose -y = 5*q + n, -5*q = 4*y - 1 + 26. Suppose -h - 1 + 16 = y. Calculate the remainder when 44 is divided by h.
14
Let g = -216 - -491. Let v be (-2)/8 - (-25)/4. Suppose 2*r = -2*b + 94, -r = -v*r + 5*b + g. Calculate the remainder when r is divided by 18.
15
Let n be (6/4)/(1/2). Suppose r - n*l + 0*l - 12 = 0, 10 = 5*l. Let t(s) = -s + 5. Calculate the remainder when r is divided by t(-5).
8
Let x = 31 + -12. What is the remainder when 35 is divided by x?
16
Suppose 0 = -3*n + 5*n - 14. What is the remainder when n is divided by 2?
1
Let l(b) = 3*b**2 + 6*b + 3. Let q(o) = -o - 9. Calculate the remainder when l(-4) is divided by q(-23).
13
Let i(k) be the second derivative of k**4/12 - 7*k**2/2 - k. Let v(d) = 2*d**3 - 2*d**2 + 2*d - 2. Calculate the remainder when i(5) is divided by v(2).
8
Calculate the remainder when (-5)/(125/355)*-5 is divided by 19.
14
Let g be ((-15)/(-4) + -1)*4. Suppose 2*f - 14 = 2*z, -3*f - 3*z - z - 14 = 0. Suppose -g + 1 = -f*j. Calculate the remainder when j is divided by 2.
1
Suppose 3*s - 7*s = -12. Suppose -3*a + 0*z + 11 = -z, -z = 4*a - 17. Calculate the remainder when a is divided by s.
1
Let p = -47 + 75. Let h(r) = 2*r**2 + 7*r. What is the remainder when p is divided by h(-5)?
13
Suppose -4*y = -y - 30. Calculate the remainder when y is divided by 7.
3
Let h(w) = -w**2 - 2*w - 2. Let t be h(-2). Suppose -2*p = -2*q + 20, 0 = -2*p - 4*q - 8. Let m = t - p. Calculate the remainder when 10 is divided by 